Determine h(-402).
-22
Let p(m) = -12272*m + 564471. What is p(46)?
-41
Let q(a) = 2*a**3 - 9*a**2 + 382*a - 3209. Give q(8).
295
Let c(y) = y**3 - 137*y**2 - 242*y - 4997. Give c(139).
7
Let k(g) = -g**3 - 219*g**2 + 113*g + 24706. Give k(-219).
-41
Let y(w) = -20*w**3 + 2*w**2 + 30*w - 31. Give y(1).
-19
Let w(n) = -n**3 + 96*n**2 + 218*n + 45. Determine w(-2).
1
Let u(y) = y**2 + 303*y - 20554. What is u(57)?
-34
Let f(z) = -9091*z - 45498. What is f(-5)?
-43
Let h(m) = -94*m**3 - m**2 + 198*m - 573. Determine h(3).
-2526
Let k(x) = 3*x**2 + 102*x + 605. Determine k(-7).
38
Let y(r) = -2*r**3 + 2908*r**2 + 26335*r + 12. Give y(-9).
3
Let x(r) = -r**2 - 45*r + 25195. What is x(-183)?
-59
Let a(o) = o**3 - o**2 + 2875*o - 11522. Give a(4).
26
Let p(h) = h**3 - 4*h**2 - 67*h - 112. Give p(-5).
-2
Let c(w) = 21*w**3 + 571*w**2 + 111*w + 54. What is c(-27)?
-27
Let i(y) = -y**3 - 6*y**2 - 10*y + 145. Give i(0).
145
Let v(b) = -6*b**2 + 359*b - 628. Determine v(57).
341
Let o(z) = -z**3 - 91*z**2 - 1255*z + 25. Determine o(-17).
-26
Let i(y) = -86743*y - 867474. Calculate i(-10).
-44
Let t(n) = 8250*n - 32960. What is t(4)?
40
Let i(y) = -4*y**3 - 410*y**2 - 1001*y - 56. What is i(-100)?
44
Let p(g) = 157*g + 13817. Calculate p(-93).
-784
Let x(l) = l**2 + 1690*l - 15184. Give x(9).
107
Let j(d) = -37*d**3 + 824*d**2 - 235*d + 344. Determine j(22).
14
Let z(n) = 27701*n - 12410042. What is z(448)?
6
Let l(n) = -211*n**2 - 16458*n + 167. Calculate l(-78).
167
Let l(u) = 51768*u + 155277. What is l(-3)?
-27
Let z(c) = 928*c + 9279. Calculate z(-8).
1855
Let k(n) = -2*n**3 - 26*n**2 - 57*n + 44. What is k(-10)?
14
Let h(a) = 2*a**3 + 42*a**2 + 130*a - 194. Give h(-14).
730
Let b(v) = -26*v - 1869. Give b(-46).
-673
Let s(o) = -2*o**3 - 45*o**2 + 1805*o + 39226. Give s(-21).
-2
Let g(b) = -215*b - 80425. Calculate g(-374).
-15
Let j(y) = -56*y**2 - 2973*y + 16019. Determine j(-58).
69
Let d(l) = 5*l**2 + l - 45. What is d(-15)?
1065
Let n(b) = -b**3 - 180*b**2 - 398*b - 7805. What is n(-178)?
-329
Let m(a) = -204*a**2 + 2407*a - 59. What is m(12)?
-551
Let v(d) = 8*d**3 - 2*d**2 + 1372*d - 1369. Give v(1).
9
Let m(f) = -9*f**3 + 104*f**2 + 120*f - 1494. What is m(11)?
431
Let n(a) = 9426*a + 103651. Determine n(-11).
-35
Let x(n) = 5*n**2 - 642*n + 20577. What is x(67)?
8
Let y(t) = 39801*t + 119422. Calculate y(-3).
19
Let x(l) = 12*l**3 + 96*l**2 + 31*l + 1255. Calculate x(-9).
4
Let o(z) = -5655*z + 26060. Give o(4).
3440
Let u(q) = -q**3 + 15*q**2 - 736*q + 2783. Calculate u(4).
15
Let k(q) = q**3 + 492*q**2 + 470*q - 10532. Give k(-491).
-221
Let o(m) = 2*m**3 + 202*m**2 - 402*m - 164. What is o(-103)?
-1194
Let z(b) = -1450*b - 332053. Calculate z(-229).
-3
Let f(y) = 20581*y - 11978176. What is f(582)?
-34
Let i(g) = 2*g**2 + 2078*g + 14477. Determine i(-7).
29
Let n(p) = 1433*p - 1372. What is n(1)?
61
Let s(b) = -2*b**2 - 19*b + 2678. Give s(18).
1688
Let b(m) = -m**2 + 63*m - 55. Give b(1).
7
Let v(x) = -129*x**2 + 3744*x - 208. Give v(29).
-121
Let x(a) = -a**2 + 25035*a - 11111513. Calculate x(452).
3
Let j(c) = -289*c**2 + 8954*c + 107. Give j(31).
-48
Let c(l) = -354*l + 104. Determine c(1).
-250
Let j(c) = 157*c - 1232. Give j(-12).
-3116
Let z(r) = -r**3 - 41*r**2 + 559*r - 4011. Calculate z(-53).
70
Let z(c) = 38*c + 2788. Give z(-154).
-3064
Let n(o) = o**3 + 107*o**2 + 319*o + 788. Calculate n(-104).
60
Let h(f) = -5*f**2 + 1259*f - 3482. Calculate h(249).
4
Let s(y) = -16*y**3 - 2664*y**2 - 3968*y - 1322. Calculate s(-165).
-2
Let p(n) = -3*n**3 + 20*n**2 - 2*n + 15. Calculate p(9).
-570
Let t(u) = 53*u**2 + 169*u + 338. Determine t(-2).
212
Let k(j) = -23*j**2 - 750*j + 126. Determine k(-33).
-171
Let r(h) = -h**3 - 245*h**2 + 877*h + 3776. Give r(6).
2
Let v(r) = -499*r**3 + 70853*r**2 + 711*r - 137. Determine v(142).
5
Let y(c) = -117*c**2 - 6241*c + 4176. Give y(-54).
18
Let b(q) = q**2 - 429*q + 2121. Determine b(5).
1
Let y(l) = -516*l + 18294. Calculate y(38).
-1314
Let w(c) = -c**3 + 178*c**2 - 2000*c + 1268. What is w(166)?
-60
Let k(d) = -25*d**2 - 1456*d - 19336. Determine k(-38).
-108
Let k(a) = -1191*a + 14952. Calculate k(12).
660
Let z(x) = -2529*x - 1072279. Calculate z(-424).
17
Let l(c) = 45899*c + 137691. What is l(-3)?
-6
Let q(c) = c**2 + 296*c - 16179. Determine q(47).
-58
Let q(u) = -u**3 - 14*u**2 + 367*u + 193. Determine q(13).
401
Let i(z) = 16*z**3 + 362*z**2 - 179*z - 995. Determine i(-23).
-52
Let f(y) = 200*y + 36111. What is f(-180)?
111
Let m(k) = 2*k**2 + 8555*k - 2092415. What is m(232)?
-7
Let b(s) = s**2 + 64*s + 2506. Give b(-28).
1498
Let m(b) = 656*b + 20135. Calculate m(-31).
-201
Let v(w) = 246*w**3 - w**2 - 83*w + 175. What is v(2)?
1973
Let m(w) = 22*w**3 - 745*w**2 - 89*w - 535. What is m(34)?
-93
Let w(s) = -8*s**2 - 2912*s + 20782. What is w(-371)?
6
Let f(q) = -2*q**3 + 38*q**2 + 244*q - 53. What is f(24)?
43
Let w(m) = -298*m - 6733. Give w(-15).
-2263
Let a(i) = -3593*i + 384364. Give a(107).
-87
Let o(a) = -26*a + 1189. Determine o(-22).
1761
Let s(a) = a**3 + 29*a**2 - 829*a + 35. Determine s(-47).
-764
Let m(v) = -2*v**3 - 188*v**2 + 2104*v + 2461. Calculate m(-104).
-35
Let y(j) = -130665*j + 3919955. Calculate y(30).
5
Let m(j) = j**3 - 7*j**2 + 4*j + 1273. Calculate m(0).
1273
Let c(p) = -p**2 + 147169*p + 1618891. Calculate c(-11).
-89
Let y(w) = -61842*w + 927637. Give y(15).
7
Let l(n) = 1503*n**2 + 408817*n + 285. What is l(-272)?
13
Let n(v) = -58*v**3 - 36*v**2 - 1045*v - 1042. What is n(-1)?
25
Let y(t) = -1757*t - 734372. Give y(-418).
54
Let d(q) = -6*q**3 - 146*q**2 + 262*q + 7439. Give d(-24).
-1
Let g(q) = q**2 + 2740*q + 86657. Determine g(-32).
1
Let j(g) = -2*g**3 + 969*g**2 - 3512*g + 69752. Calculate j(481).
7
Let o(n) = -3*n**2 + 608*n + 9760. Calculate o(218).
-268
Let v(y) = 37869*y - 454309. Calculate v(12).
119
Let v(z) = -2*z**2 - 218*z - 901. Give v(-104).
139
Let i(g) = 58*g**2 - 29*g - 37. Give i(3).
398
Let y(i) = -5*i**2 - 3254*i - 2377. What is y(-650)?
223
Let g(l) = l**2 + 101*l - 19972. Determine g(-201).
128
Let o(c) = -82*c**2 + 2524*c - 196. What is o(31)?
-754
Let i(m) = 7*m**2 + 1910*m + 23203. Determine i(-260).
-197
Let v(u) = -35*u**2 - 406*u + 2. What is v(-9)?
821
Let u(m) = 2*m**3 - 130*m**2 - 984*m - 1796. What is u(72)?
-68
Let x(c) = -5*c**3 - 496*c**2 + 1486*c - 23. Give x(3).
-164
Let t(p) = 260*p**3 + 1204*p**2 + 16*p - 5. Give t(-4).
2555
Let y(l) = l**2 - 210*l - 4369. What is y(229)?
-18
Let z(b) = -790*b - 22231. What is z(-26)?
-1691
Let o(a) = -26*a**2 + 810*a + 8117. Calculate o(-10).
-2583
Let g(s) = 46689*s - 3455099. Determine g(74).
-113
Let j(q) = 1453*q + 17355. Determine j(-11).
1372
Let g(w) = -w**3 - 376*w**2 - 16827*w + 6790. Calculate g(-324).
-14
Let m(w) = 146*w + 3928. Give m(-9).
2614
Let j(h) = -h**2 - 913*h - 26999. Give j(-30).
-509
Let z(m) = 3*m**3 - 61*m**2 + 426*m - 8119. Determine z(20).
1
Let r(h) = 24*h**3 + 2495*h**2 - 105*h + 247. Give r(-104).
351
Let h(i) = -1323*i - 16077. Give h(-12).
-201
Let y(z) = -3*z**2 - 5631*z + 73719. What is y(13)?
9
Let l(k) = -4463*k + 116061. Calculate l(26).
23
Let f(t) = 73*t**2 + 1278*t + 4990. Give f(-12).
166
Let u(n) = 1245*n - 59732. Calculate u(48).
28
Let n(p) = -p**2 - 23500*p - 633773. Determine n(-27).
-2
Let n(z) = 159*z + 62181. Calculate n(-391).
12
Let c(p) = -283*p + 1604. What is c(8)?
-660
Let g(t) = -98*t**2 + 4621*t + 13867. Determine g(-3).
-878
Let x(i) = 13779*i + 413399. What is x(-30)?
29
Let w(n) = -3*n**3 - 51*n**2 - 130*n - 40. What is w(-14)?
16
Let c(x) = -x**3 + 27*x**2 + 11*x + 599. Determine c(26).
1561
Let f(l) = -l**2 - 34*l + 288. Calculate f(-32).
352
Let q(n) = 2337*n + 18599. Calculate q(-8).
-97
Let i(h) = 5*h + 22. Determine i(60).
322
Let p(w) = -3*w**3 + 9*w**2 + 344*w + 337. Calculate p(-1).
5
Let j(o) = o**3 - 7*o**2 - 148*o - 4. Determine j(13).
-914
Let o(y) = 16*y**2 + 1441*y - 1438. Give o(1).
19
Let b(i) = i**3 + 307*i**2 - 936*i - 1311. Determine b(-310).
549
Let q(b) = b**2 - 26666*b + 133314. Calculate q(5).
9
Let n(b) = 12*b**3 - 323*b**2 - 71*b - 37. Calculate n(27).
-1225
Let h(v) = 102*v**2 - 44410*v + 105658. Calculate h(433).
6
Let k(a) = 312*a - 30850. Give k(86).
-4018
Let a(h) = 17275*h + 1105595